by 36.
20
What is the remainder when 1144 is divided by 230?
224
Calculate the remainder when 17313 is divided by 39.
36
What is the remainder when 435 is divided by 110?
105
Calculate the remainder when 102 is divided by 3.
0
What is the remainder when 879 is divided by 74?
65
Calculate the remainder when 191 is divided by 17.
4
Calculate the remainder when 1253 is divided by 251.
249
What is the remainder when 503 is divided by 7?
6
What is the remainder when 261 is divided by 16?
5
What is the remainder when 57 is divided by 6?
3
Calculate the remainder when 164 is divided by 32.
4
Calculate the remainder when 106 is divided by 41.
24
What is the remainder when 2301 is divided by 72?
69
What is the remainder when 746 is divided by 6?
2
Calculate the remainder when 1862 is divided by 81.
80
What is the remainder when 410 is divided by 27?
5
What is the remainder when 44 is divided by 40?
4
Calculate the remainder when 193 is divided by 61.
10
Calculate the remainder when 50 is divided by 28.
22
What is the remainder when 1408 is divided by 43?
32
Calculate the remainder when 731 is divided by 6.
5
Calculate the remainder when 804 is divided by 30.
24
Calculate the remainder when 4279 is divided by 5.
4
What is the remainder when 211 is divided by 34?
7
What is the remainder when 623 is divided by 25?
23
Calculate the remainder when 58 is divided by 5.
3
Calculate the remainder when 185 is divided by 18.
5
Calculate the remainder when 787 is divided by 203.
178
Calculate the remainder when 48 is divided by 11.
4
Calculate the remainder when 1156 is divided by 29.
25
Calculate the remainder when 11120 is divided by 166.
164
Calculate the remainder when 553 is divided by 62.
57
What is the remainder when 440 is divided by 169?
102
What is the remainder when 367 is divided by 63?
52
What is the remainder when 63 is divided by 14?
7
Calculate the remainder when 2553 is divided by 199.
165
What is the remainder when 35 is divided by 8?
3
What is the remainder when 296 is divided by 23?
20
Calculate the remainder when 1115 is divided by 86.
83
What is the remainder when 422 is divided by 61?
56
What is the remainder when 223 is divided by 56?
55
What is the remainder when 410 is divided by 27?
5
Calculate the remainder when 43 is divided by 37.
6
Calculate the remainder when 93 is divided by 26.
15
Calculate the remainder when 5207 is divided by 24.
23
What is the remainder when 179 is divided by 17?
9
Calculate the remainder when 245 is divided by 31.
28
Calculate the remainder when 535 is divided by 134.
133
What is the remainder when 251 is divided by 211?
40
Calculate the remainder when 103 is divided by 11.
4
What is the remainder when 2935 is divided by 1460?
15
What is the remainder when 973 is divided by 16?
13
What is the remainder when 12287 is divided by 6?
5
What is the remainder when 12316 is divided by 16?
12
Calculate the remainder when 63 is divided by 11.
8
What is the remainder when 221 is divided by 78?
65
Calculate the remainder when 621 is divided by 26.
23
What is the remainder when 3807 is divided by 77?
34
Calculate the remainder when 4963 is divided by 73.
72
Calculate the remainder when 268 is divided by 155.
113
What is the remainder when 371 is divided by 318?
53
What is the remainder when 855 is divided by 13?
10
Calculate the remainder when 66 is divided by 53.
13
Calculate the remainder when 293 is divided by 80.
53
Calculate the remainder when 478 is divided by 60.
58
Calculate the remainder when 299 is divided by 5.
4
What is the remainder when 213 is divided by 7?
3
What is the remainder when 881 is divided by 29?
11
Calculate the remainder when 2083 is divided by 234.
211
Calculate the remainder when 294 is divided by 4.
2
What is the remainder when 491 is divided by 440?
51
Calculate the remainder when 559 is divided by 81.
73
What is the remainder when 58 is divided by 17?
7
What is the remainder when 26 is divided by 6?
2
Calculate the remainder when 566 is divided by 72.
62
What is the remainder when 234 is divided by 78?
0
What is the remainder when 65 is divided by 33?
32
What is the remainder when 444 is divided by 36?
12
Calculate the remainder when 28 is divided by 5.
3
What is the remainder when 502 is divided by 54?
16
What is the remainder when 111 is divided by 31?
18
Calculate the remainder when 185 is divided by 10.
5
What is the remainder when 175 is divided by 22?
21
Calculate the remainder when 75 is divided by 26.
23
What is the remainder when 144 is divided by 29?
28
Calculate the remainder when 335 is divided by 318.
17
What is the remainder when 39 is divided by 16?
7
Calculate the remainder when 4366 is divided by 273.
271
What is the remainder when 293 is divided by 37?
34
What is the remainder when 3110 is divided by 44?
30
Calculate the remainder when 100 is divided by 84.
16
Calculate the remainder when 19 is divided by 7.
5
Calculate the remainder when 470 is divided by 165.
140
Calculate the remainder when 1025 is divided by 485.
55
Calculate the remainder when 131 is divided by 5.
1
Calculate the remainder when 909 is divided by 48.
45
What is the remainder when 393 is divided by 198?
195
Calculate the remainder when 1123 is divided by 88.
67
Calculate the remainder when 202 is divided by 60.
22
What is the remainder when 170 is divided by 57?
56
Calculate the remainder when 813 is divided by 14.
1
Calculate the remainder when 1230 is divided by 130.
60
Calculate the remainder when 2019 is divided by 26.
17
Calculate the remainder when 466 is divided by 229.
8
What is the remainder when 476 is divided by 77?
14
Calculate the remainder when 1675 is divided by 40.
35
Calculate the remainder when 156 is divided by 79.
77
What is the remainder when 63 is divided by 18?
9
Calculate the remainder when 425 is divided by 25.
0
What is the remainder when 319 is divided by 104?
7
What is the remainder when 232 is divided by 17?
11
What is the remainder when 1213 is divided by 152?
149
Calculate the remainder when 613 is divided by 69.
61
What is the remainder when 162 is divided by 25?
12
Calculate the remainder when 257 is divided by 6.
5
What is the remainder when 441 is divided by 26?
25
What is the remainder when 34 is divided by 13?
8
Calculate the remainder when 127 is divided by 19.
13
Calculate the remainder when 139 is divided by 5.
4
What is the remainder when 257 is divided by 3?
2
Calculate the remainder when 387 is divided by 30.
27
Calculate the remainder when 493 is divided by 18.
7
Calculate the remainder when 5305 is divided by 1765.
10
Calculate the remainder when 1647 is divided by 97.
95
Calculate the remainder when 1378 is divided by 38.
10
Calculate the remainder when 1197 is divided by 24.
21
Calculate the remainder when 3693 is divided by 28.
25
Calculate the remainder when 247 is divided by 14.
9
Calculate the remainder when 306 is divided by 27.
9
What is the remainder when 4433 is divided by 1474?
11
What is the remainder when 83 is divided by 46?
37
Calculate the remainder when 2154 is divided by 27.
21
What is the remainder when 699 is divided by 78?
75
Calculate the remainder when 265 is divided by 38.
37
What is the remainder when 267 is divided by 89?
0
What is the remainder when 440 is divided by 53?
16
Calculate the remainder when 217 is divided by 37.
32
What is the remainder when 2146 is divided by 43?
39
What is the remainder when 46 is divided by 33?
13
What is the remainder when 3389 is divided by 1122?
23
Calculate the remainder when 65 is divided by 23.
19
What is the remainder when 131 is divided by 66?
65
What is the remainder when 59 is divided by 5?
4
What is the remainder when 2698 is divided by 108?
106
What is the remainder when 50 is divided by 2?
0
Calculate the remainder when 18249 is divided by 12.
9
Calculate the remainder when 107 is divided by 37.
33
Calculate the remainder when 220 is divided by 105.
10
What is the remainder when 93 is divided by 11?
5
What is the remainder when 81 is divided by 12?
9
What is the remainder when 796 is divided by 16?
12
What is the remainder when 169 is divided by 79?
11
What is the remainder when 424 is divided by 287?
137
Calculate the remainder when 1639 is divided by 67.
31
Calculate the remainder 